{"id":33758,"date":"2025-02-13T20:37:25","date_gmt":"2025-02-13T20:37:25","guid":{"rendered":"https:\/\/dibback.kuper.mx\/?post_type=product&#038;p=33758"},"modified":"2025-02-13T20:37:34","modified_gmt":"2025-02-13T20:37:34","slug":"tapete-decorativo-bazhars-censo-190x290-cm-modelo-3010-gris","status":"publish","type":"product","link":"https:\/\/dibback.kuper.mx\/index.php\/product\/tapete-decorativo-bazhars-censo-190x290-cm-modelo-3010-gris\/","title":{"rendered":"Tapete decorativo Bazhars Censo 190&#215;290 cm modelo 3010 Gris"},"content":{"rendered":"<p>Este tapete, tejido a mano en la India, es un testimonio de la habilidad artesanal y la tradici\u00f3n textil. Hecho completamente de fibras naturales, este tapete no solo aporta calor y confort, sino tambi\u00e9n una resistencia y durabilidad excepcionales. Su dise\u00f1o \u00fanico en tonos de gris crea un patr\u00f3n de bloques que a\u00f1ade profundidad y textura a cualquier espacio, haciendo de este tapete una pieza central destacada en cualquier decoraci\u00f3n.<\/p>\n<p><strong>Caracter\u00edsticas:<\/strong><\/p>\n<ul>\n<li><strong>Material:<\/strong> 70% lana, 20% algodon, 10% yute que garantiza suavidad y una larga vida \u00fatil.<\/li>\n<li><strong>Origen:<\/strong> Cuidadosamente hecho a mano en India.<\/li>\n<li><strong>Peso:<\/strong> Este es un tapete pesado, ideal para \u00e1reas de alto tr\u00e1fico donde la estabilidad y el m\u00ednimo deslizamiento son esenciales.<\/li>\n<\/ul>\n<p><strong>Consejos de limpieza:<\/strong><\/p>\n<ul>\n<li>Para el mantenimiento diario, pasar la aspiradora sin utilizar el cepillo.<\/li>\n<li>En caso de derrames, actuar r\u00e1pidamente para limpiar con un pa\u00f1o absorbente y agua fr\u00eda, evitando frotar para no da\u00f1ar las fibras.<\/li>\n<li>Recomendamos la limpieza profesional al menos una vez al a\u00f1o para mantener su aspecto impecable.<\/li>\n<\/ul>\n<p><strong>Consejos de decoraci\u00f3n:<\/strong><\/p>\n<ul>\n<li>Los tonos grises neutros del tapete lo hacen extremadamente vers\u00e1til para combinar con cualquier esquema de color, desde tonos vibrantes hasta paletas m\u00e1s sutiles.<\/li>\n<li>Ideal para salas de estar, oficinas o dormitorios, este tapete aporta un toque de sofisticaci\u00f3n y confort.<\/li>\n<li>Comb\u00ednalo con muebles de madera o metal para resaltar la riqueza visual de sus texturas y colores.<\/li>\n<\/ul>\n<p>Incorpora este tapete gris artesanal en tu decoraci\u00f3n y disfruta de la mezcla perfecta de funcionalidad, belleza y calidad duradera.<\/p>\n<ul>\n<li><strong>TIP MUY IMPORTANTE<\/strong>: Visualiza y mide el espacio para el cu\u00e1l quieres tu tapete. Esto te permitir\u00e1 entender y saber mejor si est\u00e1s eligiendo la medida correcta, seg\u00fan c\u00f3mo esperas se vea en el ambiente seleccionado. Si lo quieres para debajo de una mesa de centro, tu cama, una mesa de comedor o para que delimite un ambiente, te aconsejamos tomar las medidas del ambiente o del muebles, para asegurarte que es la medida correcta la que estas seleccionando en tu compra.<\/li>\n<\/ul>\n","protected":false},"excerpt":{"rendered":"<p>Este tapete, tejido a mano en la India, es un testimonio de la habilidad artesanal y la tradici\u00f3n textil. Hecho<\/p>\n","protected":false},"featured_media":23605,"comment_status":"closed","ping_status":"closed","template":"","meta":[],"product_brand":[],"product_cat":[804,825,803,812,824,827,828,829,805],"product_tag":[107,512,179,623,529],"class_list":{"0":"post-33758","1":"product","2":"type-product","3":"status-publish","4":"has-post-thumbnail","6":"product_cat-calidos","7":"product_cat-coleccion-bazhars","8":"product_cat-color","9":"product_cat-fibras-naturales","10":"product_cat-frios","11":"product_cat-hecho-a-mano","12":"product_cat-inicio","13":"product_cat-lana","14":"product_cat-tapetes","15":"product_tag-190x290-cm","16":"product_tag-algodon","17":"product_tag-beige","18":"product_tag-gris","19":"product_tag-lana","20":"product_shipping_class-gratis","22":"first","23":"instock","24":"sold-individually","25":"shipping-taxable","26":"purchasable","27":"product-type-simple"},"_links":{"self":[{"href":"https:\/\/dibback.kuper.mx\/index.php\/wp-json\/wp\/v2\/product\/33758","targetHints":{"allow":["GET"]}}],"collection":[{"href":"https:\/\/dibback.kuper.mx\/index.php\/wp-json\/wp\/v2\/product"}],"about":[{"href":"https:\/\/dibback.kuper.mx\/index.php\/wp-json\/wp\/v2\/types\/product"}],"replies":[{"embeddable":true,"href":"https:\/\/dibback.kuper.mx\/index.php\/wp-json\/wp\/v2\/comments?post=33758"}],"version-history":[{"count":1,"href":"https:\/\/dibback.kuper.mx\/index.php\/wp-json\/wp\/v2\/product\/33758\/revisions"}],"predecessor-version":[{"id":33777,"href":"https:\/\/dibback.kuper.mx\/index.php\/wp-json\/wp\/v2\/product\/33758\/revisions\/33777"}],"wp:featuredmedia":[{"embeddable":true,"href":"https:\/\/dibback.kuper.mx\/index.php\/wp-json\/wp\/v2\/media\/23605"}],"wp:attachment":[{"href":"https:\/\/dibback.kuper.mx\/index.php\/wp-json\/wp\/v2\/media?parent=33758"}],"wp:term":[{"taxonomy":"product_brand","embeddable":true,"href":"https:\/\/dibback.kuper.mx\/index.php\/wp-json\/wp\/v2\/product_brand?post=33758"},{"taxonomy":"product_cat","embeddable":true,"href":"https:\/\/dibback.kuper.mx\/index.php\/wp-json\/wp\/v2\/product_cat?post=33758"},{"taxonomy":"product_tag","embeddable":true,"href":"https:\/\/dibback.kuper.mx\/index.php\/wp-json\/wp\/v2\/product_tag?post=33758"}],"curies":[{"name":"wp","href":"https:\/\/api.w.org\/{rel}","templated":true}]}}