{"id":33704,"date":"2025-02-13T20:37:01","date_gmt":"2025-02-13T20:37:01","guid":{"rendered":"https:\/\/dibback.kuper.mx\/?post_type=product&#038;p=33704"},"modified":"2025-02-13T20:37:12","modified_gmt":"2025-02-13T20:37:12","slug":"tapete-decorativo-bazhars-kilim-kandahar-167x250-cm","status":"publish","type":"product","link":"https:\/\/dibback.kuper.mx\/index.php\/product\/tapete-decorativo-bazhars-kilim-kandahar-167x250-cm\/","title":{"rendered":"Tapete decorativo Bazhars Kilim Kandahar 167&#215;250 cm"},"content":{"rendered":"<p>Un tapete, una historia irrepetible<\/p>\n<p>Este no es solo un tapete, es <strong>una pieza exclusiva<\/strong>. No existe otra igual, y ser\u00e1 solo tuya. Haz que tu hogar refleje tu estilo \u00fanico con una obra que <strong>nadie m\u00e1s podr\u00e1 tener<\/strong>.<\/p>\n<ul>\n<li>Tapete confeccionado 100% en lana natural.-<\/li>\n<li>Origen: India<\/li>\n<li>Ideal para espacios dentro del hogar y la oficina.<\/li>\n<li>Avent\u00farate a decorar tu casa con tapetes dise\u00f1ados a tu estilo. Disfruta del encanto de verte reflejado(a) en cada rinc\u00f3n de tu hogar y en cada paso que des en \u00e9l.<\/li>\n<li>Cuidados: Aspirado regular, limpieza en seco<\/li>\n<li>De igual manera para un mantenimiento de mayor limpieza se recomienda llevar el tapete con un experto en el tema, para darle mas vida util al tapete.<\/li>\n<li><strong>TIP MUY IMPORTANTE<\/strong>: Visualiza y mide el espacio para el cu\u00e1l quieres tu tapete. Esto te permitir\u00e1 entender y saber mejor si est\u00e1s eligiendo la medida correcta, seg\u00fan c\u00f3mo esperas se vea en el ambiente seleccionado. Si lo quieres para debajo de una mesa de centro, tu cama, una mesa de comedor o para que delimite un ambiente, te aconsejamos tomar las medidas del ambiente o del muebles, para asegurarte que es la medida correcta la que estas seleccionando en tu compra.<\/li>\n<\/ul>\n","protected":false},"excerpt":{"rendered":"<p>Un tapete, una historia irrepetible Este no es solo un tapete, es una pieza exclusiva. No existe otra igual, y<\/p>\n","protected":false},"featured_media":23522,"comment_status":"closed","ping_status":"closed","template":"","meta":[],"product_brand":[],"product_cat":[804,825,803,812,824,827,805],"product_tag":[179,175,414,418,475,476,551,552],"class_list":{"0":"post-33704","1":"product","2":"type-product","3":"status-publish","4":"has-post-thumbnail","6":"product_cat-calidos","7":"product_cat-coleccion-bazhars","8":"product_cat-color","9":"product_cat-fibras-naturales","10":"product_cat-frios","11":"product_cat-hecho-a-mano","12":"product_cat-tapetes","13":"product_tag-beige","14":"product_tag-cafe","15":"product_tag-comedor","16":"product_tag-sala","17":"product_tag-tapete-de-lana","18":"product_tag-tapete-ligero-de-lana","19":"product_tag-tapete-multicolor-de-lana","20":"product_tag-tapetes-medidas-unicas","21":"product_shipping_class-gratis","23":"first","24":"instock","25":"sold-individually","26":"shipping-taxable","27":"purchasable","28":"product-type-simple"},"_links":{"self":[{"href":"https:\/\/dibback.kuper.mx\/index.php\/wp-json\/wp\/v2\/product\/33704","targetHints":{"allow":["GET"]}}],"collection":[{"href":"https:\/\/dibback.kuper.mx\/index.php\/wp-json\/wp\/v2\/product"}],"about":[{"href":"https:\/\/dibback.kuper.mx\/index.php\/wp-json\/wp\/v2\/types\/product"}],"replies":[{"embeddable":true,"href":"https:\/\/dibback.kuper.mx\/index.php\/wp-json\/wp\/v2\/comments?post=33704"}],"version-history":[{"count":1,"href":"https:\/\/dibback.kuper.mx\/index.php\/wp-json\/wp\/v2\/product\/33704\/revisions"}],"predecessor-version":[{"id":33728,"href":"https:\/\/dibback.kuper.mx\/index.php\/wp-json\/wp\/v2\/product\/33704\/revisions\/33728"}],"wp:featuredmedia":[{"embeddable":true,"href":"https:\/\/dibback.kuper.mx\/index.php\/wp-json\/wp\/v2\/media\/23522"}],"wp:attachment":[{"href":"https:\/\/dibback.kuper.mx\/index.php\/wp-json\/wp\/v2\/media?parent=33704"}],"wp:term":[{"taxonomy":"product_brand","embeddable":true,"href":"https:\/\/dibback.kuper.mx\/index.php\/wp-json\/wp\/v2\/product_brand?post=33704"},{"taxonomy":"product_cat","embeddable":true,"href":"https:\/\/dibback.kuper.mx\/index.php\/wp-json\/wp\/v2\/product_cat?post=33704"},{"taxonomy":"product_tag","embeddable":true,"href":"https:\/\/dibback.kuper.mx\/index.php\/wp-json\/wp\/v2\/product_tag?post=33704"}],"curies":[{"name":"wp","href":"https:\/\/api.w.org\/{rel}","templated":true}]}}