{"id":33271,"date":"2025-02-13T20:34:04","date_gmt":"2025-02-13T20:34:04","guid":{"rendered":"https:\/\/dibback.kuper.mx\/?post_type=product&#038;p=33271"},"modified":"2025-02-13T20:34:11","modified_gmt":"2025-02-13T20:34:11","slug":"tapete-decorativo-mesh-120x170-cm-multicolor","status":"publish","type":"product","link":"https:\/\/dibback.kuper.mx\/index.php\/product\/tapete-decorativo-mesh-120x170-cm-multicolor\/","title":{"rendered":"Tapete decorativo Mesh 120&#215;170 cm Multicolor"},"content":{"rendered":"<p>Este tapete combina calidad y dise\u00f1o para ofrecerte una experiencia \u00fanica cada vez que pongas los pies sobre \u00e9l. Es el complemento perfecto para cualquier estilo de decoraci\u00f3n, desde el m\u00e1s moderno hasta el m\u00e1s cl\u00e1sico. Dise\u00f1ado pensando en tu comodidad, este tapete es extremadamente suave al tacto, ofreciendo una sensaci\u00f3n placentera cada vez que camines descalzo sobre \u00e9l. Perfecto para esos momentos de relajaci\u00f3n. Gracias a su combinaci\u00f3n de materiales de alta calidad, este tapete es resistente al desgaste, manteni\u00e9ndose en perfectas condiciones a lo largo del tiempo. Es f\u00e1cil de limpiar y mantener, asegurando que siempre luzca como nuevo.<\/p>\n<p>*Composici\u00f3n: 100% poli\u00e9ster<br \/>\n*Sugerencia de uso: Interior, ideal para sala, oficina, recamara o alg\u00fan espacio de piso descubierto<br \/>\n*Alto pelo: 0.5 cm aproximadamente<br \/>\n*Pa\u00eds de origen: Turqu\u00eda<\/p>\n<ul>\n<li>Ideal para espacios dentro del hogar y la oficina.<\/li>\n<li>Avent\u00farate a decorar tu casa con tapetes dise\u00f1ados a tu estilo. Disfruta del encanto de verte reflejado(a) en cada rinc\u00f3n de tu hogar y en cada paso que des en \u00e9l.<\/li>\n<li>Cuidados: Aspirado regular, limpieza en seco<\/li>\n<li>De igual manera para un mantenimiento de mayor limpieza se recomienda llevar el tapete con un experto en el tema, para darle mas vida util al tapete.<\/li>\n<li><strong>TIP MUY IMPORTANTE<\/strong>: Visualiza y mide el espacio para el cu\u00e1l quieres tu tapete. Esto te permitir\u00e1 entender y saber mejor si est\u00e1s eligiendo la medida correcta, seg\u00fan c\u00f3mo esperas se vea en el ambiente seleccionado. Si lo quieres para debajo de una mesa de centro, tu cama, una mesa de comedor o para que delimite un ambiente, te aconsejamos tomar las medidas del ambiente o del muebles, para asegurarte que es la medida correcta la que estas seleccionando en tu compra.<\/li>\n<\/ul>\n","protected":false},"excerpt":{"rendered":"<p>Este tapete combina calidad y dise\u00f1o para ofrecerte una experiencia \u00fanica cada vez que pongas los pies sobre \u00e9l. Es<\/p>\n","protected":false},"featured_media":22687,"comment_status":"closed","ping_status":"closed","template":"","meta":[],"product_brand":[],"product_cat":[806,803,824,805],"product_tag":[279],"class_list":{"0":"post-33271","1":"product","2":"type-product","3":"status-publish","4":"has-post-thumbnail","6":"product_cat-coleccion-soft","7":"product_cat-color","8":"product_cat-frios","9":"product_cat-tapetes","10":"product_tag-160x235-cm","11":"product_shipping_class-gratis","13":"first","14":"instock","15":"shipping-taxable","16":"purchasable","17":"product-type-simple"},"_links":{"self":[{"href":"https:\/\/dibback.kuper.mx\/index.php\/wp-json\/wp\/v2\/product\/33271","targetHints":{"allow":["GET"]}}],"collection":[{"href":"https:\/\/dibback.kuper.mx\/index.php\/wp-json\/wp\/v2\/product"}],"about":[{"href":"https:\/\/dibback.kuper.mx\/index.php\/wp-json\/wp\/v2\/types\/product"}],"replies":[{"embeddable":true,"href":"https:\/\/dibback.kuper.mx\/index.php\/wp-json\/wp\/v2\/comments?post=33271"}],"version-history":[{"count":1,"href":"https:\/\/dibback.kuper.mx\/index.php\/wp-json\/wp\/v2\/product\/33271\/revisions"}],"predecessor-version":[{"id":33282,"href":"https:\/\/dibback.kuper.mx\/index.php\/wp-json\/wp\/v2\/product\/33271\/revisions\/33282"}],"wp:featuredmedia":[{"embeddable":true,"href":"https:\/\/dibback.kuper.mx\/index.php\/wp-json\/wp\/v2\/media\/22687"}],"wp:attachment":[{"href":"https:\/\/dibback.kuper.mx\/index.php\/wp-json\/wp\/v2\/media?parent=33271"}],"wp:term":[{"taxonomy":"product_brand","embeddable":true,"href":"https:\/\/dibback.kuper.mx\/index.php\/wp-json\/wp\/v2\/product_brand?post=33271"},{"taxonomy":"product_cat","embeddable":true,"href":"https:\/\/dibback.kuper.mx\/index.php\/wp-json\/wp\/v2\/product_cat?post=33271"},{"taxonomy":"product_tag","embeddable":true,"href":"https:\/\/dibback.kuper.mx\/index.php\/wp-json\/wp\/v2\/product_tag?post=33271"}],"curies":[{"name":"wp","href":"https:\/\/api.w.org\/{rel}","templated":true}]}}