{"id":32637,"date":"2025-02-13T20:30:01","date_gmt":"2025-02-13T20:30:01","guid":{"rendered":"https:\/\/dibback.kuper.mx\/?post_type=product&#038;p=32637"},"modified":"2025-02-13T20:30:08","modified_gmt":"2025-02-13T20:30:08","slug":"tapete-decorativo-agra-kids-120-cm-leon","status":"publish","type":"product","link":"https:\/\/dibback.kuper.mx\/index.php\/product\/tapete-decorativo-agra-kids-120-cm-leon\/","title":{"rendered":"Tapete decorativo Agra Kids 120 cm &#8211; Leon"},"content":{"rendered":"<p>Dale un toque de diversi\u00f3n y ternura a la habitaci\u00f3n de tu peque\u00f1o con nuestro adorable tapete Infantil redondo de Leon. Dise\u00f1ado para capturar la atenci\u00f3n y la imaginaci\u00f3n de los m\u00e1s peque\u00f1os, este tapete no solo es un elemento decorativo, \u00a1sino tambi\u00e9n un compa\u00f1ero de juegos perfecto!<\/p>\n<p>Fabricado con materiales de alta calidad y con acabados cuidadosamente detallados, nuestro tapete infantil no solo es suave y c\u00f3modo para que tu hijo se siente y juegue, sino que tambi\u00e9n es resistente y duradero, garantizando horas interminables de diversi\u00f3n y entretenimiento.<\/p>\n<p>La figura de la Leon alegre a\u00f1ade un toque de calidez y ternura a cualquier habitaci\u00f3n infantil, creando un ambiente acogedor donde tu hijo podr\u00e1 dejar volar su imaginaci\u00f3n y disfrutar de momentos en<\/p>\n<p>Haz que cada d\u00eda sea una aventura y cada momento sea especial con nuestro Tapete Infantil Redondo de Leon Alegre. \u00a1No esperes m\u00e1s para crear un espacio m\u00e1gico y acogedor donde tu hijo pueda crecer, so\u00f1ar y jugar felizmente!<\/p>\n<ul>\n<li>Tapete fabricado 100% en polipropileno<\/li>\n<li>Alto del pelo: 2 cm aproximadamente<\/li>\n<li>Limpieza en seco con espumas para limpieza de tapetes y tapizados, aspirado regular como mantenimiento<\/li>\n<li><strong>TIP MUY IMPORTANTE<\/strong>: Visualiza y mide el espacio para el cu\u00e1l quieres tu tapete. Esto te permitir\u00e1 entender y saber mejor si est\u00e1s eligiendo la medida correcta, seg\u00fan c\u00f3mo esperas se vea en el ambiente seleccionado. Si lo quieres para debajo de una mesa de centro, tu cama, una mesa de comedor o para que delimite un ambiente, te aconsejamos tomar las medidas del ambiente o del muebles, para asegurarte que es la medida correcta la que estas seleccionando en tu compr<\/li>\n<\/ul>\n","protected":false},"excerpt":{"rendered":"<p>Dale un toque de diversi\u00f3n y ternura a la habitaci\u00f3n de tu peque\u00f1o con nuestro adorable tapete Infantil redondo de<\/p>\n","protected":false},"featured_media":20908,"comment_status":"closed","ping_status":"closed","template":"","meta":[],"product_brand":[],"product_cat":[804,836,803,833,837,805],"product_tag":[75,84],"class_list":{"0":"post-32637","1":"product","2":"type-product","3":"status-publish","4":"has-post-thumbnail","6":"product_cat-calidos","7":"product_cat-coleccion-kids","8":"product_cat-color","9":"product_cat-kids","10":"product_cat-shaggy","11":"product_cat-tapetes","12":"product_tag-interior","13":"product_tag-suave","15":"first","16":"instock","17":"shipping-taxable","18":"purchasable","19":"product-type-simple"},"_links":{"self":[{"href":"https:\/\/dibback.kuper.mx\/index.php\/wp-json\/wp\/v2\/product\/32637","targetHints":{"allow":["GET"]}}],"collection":[{"href":"https:\/\/dibback.kuper.mx\/index.php\/wp-json\/wp\/v2\/product"}],"about":[{"href":"https:\/\/dibback.kuper.mx\/index.php\/wp-json\/wp\/v2\/types\/product"}],"replies":[{"embeddable":true,"href":"https:\/\/dibback.kuper.mx\/index.php\/wp-json\/wp\/v2\/comments?post=32637"}],"version-history":[{"count":1,"href":"https:\/\/dibback.kuper.mx\/index.php\/wp-json\/wp\/v2\/product\/32637\/revisions"}],"predecessor-version":[{"id":32647,"href":"https:\/\/dibback.kuper.mx\/index.php\/wp-json\/wp\/v2\/product\/32637\/revisions\/32647"}],"wp:featuredmedia":[{"embeddable":true,"href":"https:\/\/dibback.kuper.mx\/index.php\/wp-json\/wp\/v2\/media\/20908"}],"wp:attachment":[{"href":"https:\/\/dibback.kuper.mx\/index.php\/wp-json\/wp\/v2\/media?parent=32637"}],"wp:term":[{"taxonomy":"product_brand","embeddable":true,"href":"https:\/\/dibback.kuper.mx\/index.php\/wp-json\/wp\/v2\/product_brand?post=32637"},{"taxonomy":"product_cat","embeddable":true,"href":"https:\/\/dibback.kuper.mx\/index.php\/wp-json\/wp\/v2\/product_cat?post=32637"},{"taxonomy":"product_tag","embeddable":true,"href":"https:\/\/dibback.kuper.mx\/index.php\/wp-json\/wp\/v2\/product_tag?post=32637"}],"curies":[{"name":"wp","href":"https:\/\/api.w.org\/{rel}","templated":true}]}}